 = 0, -4*u + i + 1 - 2 = 0. Let f(d) = -14 + 32 - 9 - 8. Let m(l) = u*z(l) + 3*f(l). Give m(-1).
-8
Let a(v) = -v**2 + 2*v + 1. Let d be a(3). Let q(u) be the first derivative of -u**2/2 + u - 70. Calculate q(d).
3
Let p(v) = -8*v**2 + 1 + 108*v + 103*v - 210*v. Determine p(1).
-6
Let m be (-198)/108 + (-1)/6. Let v(s) = s + 1. Let z be v(m). Let g(o) = -6*o**2 - 2*o - 1. Calculate g(z).
-5
Let i(a) = -a - 5. Let g be (-6)/21 + 30/(-42). Let r = 7 + g. Let z = -6 + r. Give i(z).
-5
Let u be ((-1 - -2) + -3)*-1. Suppose 0 = -2*m + 3*m + u. Let l(q) be the second derivative of -q**5/20 - q**4/12 - q**2/2 - q. Calculate l(m).
3
Let n = -490 - -486. Let h(t) = -5*t + 1. What is h(n)?
21
Let d(u) = -2*u - 1. Let z be d(-1). Let p = z + 1. Let l(w) = 3*w**2 + 5 + 0*w**2 + 0*w**2 - 4*w**p - 2*w. Give l(-4).
-3
Let v(s) be the first derivative of s**5/60 + s**4/8 - 5*s**3/6 + 3*s**2 + 6. Let r(q) be the second derivative of v(q). What is r(-5)?
5
Let m be (-9)/3*(-106)/6. Suppose -2*l - m = -5*i, -4*i + l = -3*i - 13. Let o(p) = -2 + i + 2*p - 5*p. What is o(6)?
-11
Let w(z) = z + 43 - 17 - 22 - 10. Let h(a) be the second derivative of a**5/10 - a**4/4 + a**3/6 - a**2/2 + a. Let t be h(2). Determine w(t).
-1
Let x be 3 - (6 - (-2 - -5)). Suppose x = -8*w - 28 + 4. Let u(f) = f**3 + 2*f**2 - 4*f - 2. Determine u(w).
1
Let j(w) = 3*w - 4. Suppose 0 = -5*s - 2*y - 26, 0 = 3*s - 2*s - 2*y + 10. Let k = s - -5. Let i be (3 - (3 + k)) + 2. Calculate j(i).
5
Let u(i) be the second derivative of -i**4/12 + 5*i**3/6 - i**2/2 + 12*i. Suppose 6 = 4*t - 14. Determine u(t).
-1
Let u(d) be the second derivative of -d**8/960 + d**7/2520 - d**5/120 + d**4/12 - 2*d. Let b(p) be the third derivative of u(p). Give b(1).
-7
Let n(f) = -f**3 - 10*f**2 - 5*f - 181. Let x be n(-11). Let k(t) = t**3 + 3*t**2 - 9*t + 10. What is k(x)?
5
Let f = 21 + -23. Let k be (0 + 0)/(f + 5). Let v(q) = q**3 - q - 18. What is v(k)?
-18
Let b(l) be the second derivative of l**4/6 + l**3/3 + l**2 + l - 5. Calculate b(-1).
2
Let l(w) = 2*w**3 - 2*w**3 - 2*w - 7*w**3 + 8*w**3 + 2. Suppose 0 = o + 3*o + 8. Let m be 4 + (3 + -2)*o. Determine l(m).
6
Let r = 1484 - 1484. Let l(p) = 2*p - 8. Determine l(r).
-8
Let h(r) = 3*r - 6. Let u be h(-6). Let n be 6/u + 74/8. Let c(s) = 0 + s + 22*s**2 + 0 - n*s**2. Determine c(-1).
12
Let f(w) = -6*w + 2. Suppose -12*p + 81 = 117. Determine f(p).
20
Suppose -4*j - v = -0*v + 23, 4*v - 34 = 5*j. Let y(s) = s**2 - 9*s. Let b be y(6). Let f be b/6*(-8)/j. Let i(w) = -w**3 - 3*w**2 + 2*w - 3. What is i(f)?
5
Let i = 45 + -41. Let m(g) be the second derivative of -g**5/20 + g**4/6 + 5*g**3/6 - g**2 + 15*g. Calculate m(i).
-14
Let w(n) = 5*n**3 + 7*n**2 - 5*n + 8. Let p(o) = 2*o**3 + 4*o**2 - 3*o + 3. Let s(i) = 7*p(i) - 3*w(i). Give s(6).
-3
Suppose 0 = 3*x - 6 - 15. Let r(v) = -392*v + 174*v + 1 + 219*v. Determine r(x).
8
Let l(m) = -m**2 - 1. Let g(b) = b**3 + 6*b**2 - 9*b - 17. Let x be g(-7). Let s(h) = -h**3 - 7*h**2 + 5*h. Let o(q) = x*l(q) + s(q). Calculate o(-5).
3
Let i(c) be the first derivative of -4/3*c**3 + 10 - 2*c + c**2 - 1/4*c**4. Determine i(-5).
13
Let n be -45 + 0 + (-2 - -3)*-2. Let g = n - -49. Let p(l) = 4*l - 1. What is p(g)?
7
Let r be 1*-3*(-5)/15. Let c be (r/(-3))/((-4)/312). Let n = 21 - c. Let f(x) = x**3 + 4*x**2 - 6*x - 3. What is f(n)?
2
Let t(y) = -4*y**2 - y - 2. Suppose -5*z - 6*r + 9*r = -10, -5*r = 25. Calculate t(z).
-5
Let p(g) = g**2 - 6*g + 7. Let h be p(5). Suppose -4*d + 12 = 4*f, 2*f + 43 = 3*d + h*d. Let m(r) = -2 + 0*r - r + 2 + 6. What is m(d)?
-1
Let b = -15 + 14. Let h(t) = -36*t + 26. Let l(a) = 18*a - 11. Let n(f) = -3*h(f) - 7*l(f). What is n(b)?
17
Suppose -2*l = 3*r - 14, l + 36 = -2*r + 43. Let t(s) = -3*s + 23. What is t(l)?
2
Let u(r) be the second derivative of r**3/3 - 317*r. Let l(w) = w + 5. Let j be l(-4). Determine u(j).
2
Let p be (3/(-6))/(2/(-12)). Suppose -5*q - 23 = -p. Let s(n) = -4 + 4*n - 2 + 7 - n + 2. Determine s(q).
-9
Let r be (-31)/(-4) + (-8)/(-32). Suppose d - w - 4 = 2*d, 0 = 2*d - 2*w - r. Let s(a) = 4*a - 1 + 3*a + d*a. What is s(1)?
6
Suppose 7*z = 3 + 18. Let b(h) = h**2 + 2*h - 3. Let s be b(2). Suppose -z*v + s*f + 21 = 0, 5*v + 1 + 4 = -5*f. Let g(x) = -2*x**2 - x - 2. Calculate g(v).
-12
Let o(a) = -a**3 - 6*a**2 + 2*a + 8. Let f = 80 - 48. Suppose -2*h = -f - 2. Suppose h = -3*z - 1. What is o(z)?
-4
Let b(x) = -61 + 4*x**3 - 2*x**3 + 0*x**3 - x**3 + 6*x + 63 + 7*x**2. Let i be (-20)/8*4 + 4. Calculate b(i).
2
Suppose -u + 9 = -n, 2*n = u - 18 - 0. Let f(r) = r**3 + 9*r**2 - 4. Give f(n).
-4
Let i(k) = -k**2 + 8*k + 48. Let c(o) = o**2 - 7*o - 43. Let y(n) = -7*c(n) - 6*i(n). Calculate y(0).
13
Let l(b) be the second derivative of -b**5/20 - b**4/4 - b**3/6 - b**2/2 + 7*b. Let s be l(-3). Let r(q) = -q**s - 3 + 2*q**2 + 4 - 2. Give r(1).
0
Let p = 1361 + -1357. Let r(v) = 5*v - 9. Calculate r(p).
11
Suppose 31*l - 30*l = 8. Suppose -1 = l*o - 9. Let f(q) = 4*q**2 + q - 1. What is f(o)?
4
Let n be (1 + -4 - 0) + (-3 - -8). Let m(h) = 2*h - 2. Let t be m(2). Let c(k) = -t + 17 - 8 + n*k - 3. Calculate c(-3).
-2
Let y(u) = u**3 - u**2 + 9. Let j be 0/(-2) + 11 - (2 + -1). Let w be ((-6)/15 - (-4)/j)/2. Determine y(w).
9
Let t(l) = -3*l + 1. Let p(y) = y**2 + 18*y + 35. Let w be (-122)/8 + 75/(-100). Let g be p(w). Determine t(g).
-8
Let t(z) be the second derivative of -z**4/24 + z**3/2 - 9*z**2/2 + 20*z. Let v(m) be the first derivative of t(m). Determine v(5).
-2
Let z(n) = 29*n**2 - 4*n - 16*n**2 - 6*n**2 - 23*n**2 + 6*n + 1. Determine z(-1).
-17
Let z be ((10/(-3))/2)/((-72)/(-216)). Let q(r) = -2*r**2 - 6*r. Let w(g) be the first derivative of g**3 + 9*g**2/2 + 2. Let d(y) = 8*q(y) + 5*w(y). Give d(z).
-10
Let w(k) = -k**3 - 3*k**2 + 8*k + 7. Let q = 223 - 228. Give w(q).
17
Let c(y) = -y + 2*y - 12433 + 12447. Suppose -4*i = i. Calculate c(i).
14
Let w(z) = 9*z**3 + z. Let m be ((-2)/(-3))/((-42)/(-441)) - 8. Determine w(m).
-10
Let z(t) = -9*t - 12. Let y(f) = 8*f + 11. Let d(n) = -6*y(n) - 5*z(n). Let q = 37 + -34. Suppose 3*u = -j - 12, 6*u + q*j = u - 16. What is d(u)?
9
Let y(f) = -2 - 246*f + 0 + 237*f. What is y(3)?
-29
Let t(u) = u**3 + 7*u**2 + 4*u - 4. Suppose 0 = n - 7*n - 36. What is t(n)?
8
Suppose 3*g - 12 = g. Suppose 0 = -4*a + x - 20, -x + g - 1 = -a. Let c(n) = 5*n - 9. Let y(p) = -4*p + 8. Let v(k) = a*c(k) - 6*y(k). What is v(0)?
-3
Suppose 2*u = 3*w + 21 - 70, 2*u + 52 = 4*w. Let s(i) = -i - 23. What is s(u)?
-3
Let a(g) = 27*g - 4*g - 21*g. Give a(-1).
-2
Suppose 10*a = 4*p + 7*a - 15, 3*a + 3 = 0. Suppose -1 = -3*s + q, s = -2*s + 3*q + p. Let t(j) = -j + 2. Determine t(s).
2
Suppose -k - 7*k = -14*k. Let t(h) = -2*h**2 + 2 + 0*h**2 + h**2. What is t(k)?
2
Let r(n) = -3*n - 51. Let y be r(-17). Let p(c) = -c**3 + c**2 - c + 7. Determine p(y).
7
Let h(a) = a**3 + 132*a**2 + 0*a**3 + 126*a**2 + 4 - 261*a**2. Give h(-2).
-16
Let i(u) be the third derivative of u**6/120 - u**5/12 - 7*u**4/24 - 5*u**3/6 + 18*u**2 + 2. Calculate i(6).
-11
Let v(h) be the first derivative of h**2 + 27*h + 15. Determine v(-11).
5
Let m(w) be the first derivative of -w**2/2 + 7*w - 12. Determine m(-10).
17
Let l(m) be the second derivative of 0*m**2 + 0 + 44*m + 1/3*m**4 - 1/20*m**5 - 1/2*m**3. What is l(3)?
0
Let d be -3 - -1 - (9 + -6). Let x(k) = 3*k - 9. Let r(f) = 7*f - 19. Let q(l) = -4*r(l) + 9*x(l). Determine q(d).
0
Let o(r) be the second derivative of -r**3/6 + 3*r**2/2 + r. Let t be o(4). Let z(p) = -1 + 5*p**2 - 39*p**2 + 5*p**2 + 15*p**2 + 17*p**2. Give z(t).
2
Let v(g) be the first derivative of g**4/4 + g**2/2 + 10*g - 10. Let y(d) be the first derivative of v(d). Give y(2).
13
Let k(z) be the third derivative of -z**6/120 - z**5/10 + z**4/3 + z**3/6 - 2*z**2 + 34*z. Determine k(-7).
-6
Let v(c) = -c**2 + c + 4. Suppose -27 + 1 = -b. Suppose -l - 8*m + 3*m + b = 0, -4*l = -4*m - 8. Suppose -2*z - l = -0*z. Give v(z).
-8
Let f = -25 - -20. Let k(g) = -g**3 - 4*g - 3. Let x be k(-2). Let h(s) = -14*s + 1 + 1 + x*s. Give h(f).
7
Let f(k) = -k**3 - 4*k**2 - 3*k - 91. Let t be f(-6). Let d(r) = 15*r**2 + 13*r - 2. Let g(u) = 7*u**2 + 6*u - 1. Let m(v) = 6*d(v) - 13*g(v). Give m(t).
0
Let i(n) = -7*n + 14. Let z(h) = -4*h + 7. Let f(w) = 6*i(w) - 11*z(w). Sup